
Calculate (3 + -3 - 3) + -1.
-4
What is the value of -26 + 21 + 9 - (-4 + 22)?
-14
What is 4 + 2 + (-18 - (4 + -3 + -1))?
-12
What is (-6 - -3 - 22) + (-50 - -49)?
-26
(4 - 5 - (-1 - 6)) + (-1 - 11)
-6
(1 - -1) + 4 + -7
-1
Evaluate -1 + 7 + -87 + 96 + (0 - 12).
3
(4 - 5) + -18 + (-6 - (-2 + -7))
-16
-3 + (4 - 1) + (10 - 1)
9
Evaluate -18 - (-28 + 52 + -42).
0
(-5 - (14 - 4)) + (3 - (-1 - 0))
-11
Calculate -30 + 15 + 13 - (5 + 7).
-14
12 + (4 - (6 - -1 - (4 + -5)))
8
What is -9 + (0 - (8 + -7 - 2 - 6))?
-2
What is -92 + 91 + 15 + 2?
16
(-18 + 31 + -5 - 23) + 7
-8
Evaluate (200 - 186) + 1 + 7 + -5.
17
What is the value of 16 + -3 - ((-1 - -1) + -4 + 5)?
12
8 + (3 - -5) + -19
-3
Evaluate (3 - (-1 - -10) - (-48 + 29)) + -3.
10
Calculate 3 + -6 + -2 - (62 - 71).
4
(18 - -3) + -27 + 4 + -1
-3
What is the value of 3 - 0 - ((7 - 21) + 15 + -6)?
8
Evaluate -23 + -1 - (64 - 108 - -42).
-22
Calculate (-48 - -43 - (-2 + 1 + -13)) + -21.
-12
(-21 - -16) + -10 + 15 - (-1 + 17)
-16
Calculate (11 - (-4 + 3 - -5)) + 2 + -21.
-12
(-34 - 1) + (21 - -2) - (-43 - 1)
32
What is the value of 4 + -5 - (-2 + 1) - -7?
7
4 + (-22 - -14) - (-12 - -1 - -2)
5
What is -21 - (-4 + 14 + -1 + -10)?
-20
Evaluate 11 + (0 - -11) + (-9 - -17 - -1).
31
1 + 3 - (4 - (2 + -7) - 4)
-1
What is 7 + (8 - -3) + -27?
-9
12 + -10 - (27 - 13)
-12
What is 13 + -28 - (3 - 0) - (3 - -6)?
-27
(119 - 130) + (7 - (-3 + 6)) + 26
19
What is the value of 100 + 16 + -107 + 1 + -1 + 13?
22
-81 + 78 - (-1 + 0 - -1)
-3
Calculate 8 - (0 + (2 - (0 + 7)) - -8).
5
Calculate (0 - 3) + (6 - 17) + 24.
10
What is the value of -1 - ((2 - -7) + -17)?
7
Calculate (59 - 12) + 9 + -22.
34
40 + (-6 - 20) + 9
23
Calculate (0 - -4) + (-10 + (-3 - -8) - -11).
10
7 + (3 - 3) + (-78 - -60)
-11
0 - -1 - (-17 + 25) - -10
3
Evaluate (-15 - (-1 + 4)) + (158 - 158).
-18
Evaluate -17 + 94 + -33 + -31.
13
What is -11 + (-1 - 5) + (-26 - -34) + 5?
-4
Evaluate -12 - (-4 + (-9 - -7)).
-6
What is the value of 2 + (6 - 2) - (3 - -2) - -11?
12
Calculate -7 + 13 + (-2 + 7 - (10 - 8)).
9
What is -5 - ((3 - (1 + -2)) + (19 - 12))?
-16
Calculate -1 + -10 + (2 - -3) - -16.
10
Calculate 11 - (-11 + (13 - (11 + -7))).
13
Evaluate 45 + (-30 - -6 - -19).
40
What is -3 - -10 - 10 - -7 - (-1 + -2)?
7
What is the value of 15 + -3 - (27 + -9)?
-6
-6 - -18 - (27 - 2)
-13
2 + -12 + 7 - (-3 + (-3 - -1))
2
What is 7 + (-8 - -5) + -2 - (7 + -6)?
1
Evaluate 8 + (-56 + 15 - (10 - 2)) - -7.
-34
What is the value of (2 - 1) + 4 + (-9 - 1) + 7?
2
Evaluate (-33 - 15) + 34 - (0 + -10).
-4
2 + (-1 - 3) + 0 + (8 - 1)
5
What is 2 + 16 - (-6 + -4 - -8)?
20
Calculate -19 - (-185 + 199 + (-1 - 8)).
-24
What is 10 + -2 + 3 - 7 - (-6 - -20)?
-10
What is -2 + -9 + 24 + (-1 - -1)?
13
Evaluate -3 + 6 + -6 + -2 + (196 - 194).
-3
What is the value of 10 + (-1 + (-1 - 3) - (66 + -65))?
4
Calculate 24 - ((25 - (7 + -2)) + -5).
9
What is the value of -9 + (-9 - -11) - (-3 + 9)?
-13
What is 0 + -1 - (-13 - (3 + -24))?
-9
What is the value of -4 + (-4 - -2) + (52 + -32 - -16)?
30
What is the value of 2 - (-5 + 8) - (-12 + -2 - 1)?
14
What is (24 - 18 - 15) + -8?
-17
Evaluate -6 - (19 + -17) - 9.
-17
What is (-4 - -1) + 3 + (-12 - -15)?
3
Calculate 16 + (-2 - 27) + 36.
23
Evaluate 15 + -31 + (-46 - -56).
-6
Evaluate -1 - 1 - -9 - (-681 - -656).
32
What is 0 + (1 - (-5 - -12)) - 4?
-10
Calculate -678 + 699 + 0 + 1.
22
Evaluate 4 - (7 + -5 + (-1 - 9) - -5).
7
8 + (18 - (-6 - -21))
11
-2 - 1 - (-14 - (8 + -17))
2
What is the value of 4 - (-8 - -5 - -4 - -4) - 16?
-17
What is the value of (5 + -14 + 2 - -2) + 3 + -6?
-8
What is -41 - (-42 - (-31 + 20))?
-10
What is the value of -18 + (11 - 12 - -2)?
-17
Calculate -63 - (57 - 125) - (-1 - 0).
6
What is -3 + (-32 - -33) + 19 + 1?
18
What is ((-5 - -6) + -4 - -8) + (-16 - -2)?
-9
What is the value of -1 - (10 + 28 - 24)?
-15
(17 - -15) + -30 - -16
18
6949 + -6955 - (-14 + (0 - 1))
9
What is (1 - 17) + (-53 - -56) - -8?
-5
What is the value of -7 - (8 - (3 - -11))?
-1
What is -11 + (6 - -18) + 0?
13
What is (-12 + (-4 - -19) - -21) + 2 + 3?
29
What is the value of 11 + -5 + 3 + (13 - 16 - 22)?
-16
Evaluate 0 - (-13 - -10 - 10).
13
What is the value of 7 - (-70 + 77 - (2 + -1 - 1))?
0
What is the value of -41 - (-2 - 2) - -13 - -12?
-12
What is 113 + -109 + (2 - 1)?
5
Calculate -6 + 9 + 2 + -7 - (2 - 1).
-3
Evaluate 39 - (10 - 39 - -93).
-25
Evaluate (10 + -78 - -75) + -1 + 16.
22
What is the value of (-1 - -19) + -5 + 11 + -14?
10
Calculate 3 + (-6 - -28 - (15 - 7)).
17
Calculate 7 - (-1 - -2) - (-245 + 263).
-12
Calculate (-8 - 0) + (9 + -1 - 25) + 11.
-14
-6 + 3 + -4 + (19 - 2)
10
Calculate -4 - (-5 + -5 + 7 + -4 + -2).
5
-20 - (-12 - (-7 + 34))
19
What is (6 - -14) + 82 + -124?
-22
Calculate 3 + -12 + 2 + 1 + 6.
0
Calculate (-41 - -28) + 31 + -3.
15
Evaluate -14 + -13 + 7 - -11.
-9
What is the value of (16 - 10) + 6 + -7 + 9?
14
Calculate (1 + 5 - 8) + (1 - (-1 - 2)).
2
-2 - 12 - (-3 + -4)
-7
What is (1019 - 998) + (0 - -1)?
22
Calculate 29 + 1 - (17 + -19 + 8).
24
What is 3 + (3 - 13) + (-1 - 3)?
-11
What is -6 - -2 - (-5 + (4 - -3)) - 5?
-11
What is the value of -5 - (13 + 14 + 15 + -27)?
-20
What is the value of (1 - 2) + 14 + (-3 - 6)?
4
(-25 - (4 + -16)) + -2
-15
Evaluate -6 - (-8 - 1 - (0 + -14)).
-11
Evaluate 6 - (-11 - -21 - 10).
6
What is (2 - 3) + (-6 - (-4 - 7))?
4
-8 + (-5 - -3) + -3 + -3
-16
4 + -2 + -6 + (3 - 15)
-16
Calculate -16 + 39 - (16 - 5) - 0.
12
-34 - (-4 - (-10 + 11)) - -8
-21
What is 11 + -5 + (-6 - 1) - 7?
-8
What is (2 - 7) + ((2 - 1) + 14 - -2)?
12
Evaluate 5 + (1 + -2 - (-4 - (2 + 2))).
12
Evaluate -11 - (-13 - (9 - 13)).
-2
Evaluate 1 - -26 - (-6 - (-23 + 4 + 5)).
19
-12 - (-13 - -28) - -5
-22
Evaluate 1 + -18 - (-24 - (31 - 26)).
12
Calculate (-17 - -55) + (-2 - 9).
27
What is (-694 - -665) + (0 - -12) + -1?
-18
Calculate 2 + (-28 + 7 - -28).
9
Evaluate -13 - (1 - 0) - -22.
8
What is the value of (2 - 1) + 43 + -49 + -2?
-7
What is the value of -4 - (1 - 1) - (3 + 21 + -14)?
-14
Calculate -6 + 6 + (8 - 2) - -5.
11
Calculate -102 + 65 + 27 + 3.
-7
Evaluate 6 + (1 - (7 - 8 - 0)) + -5.
3
10 - (9 - (3 + (10 - 14)))
0
Calculate (-30 - 4) + (143 - 109).
0
-7 + (-14 - ((-14 - 5) + 10) - -39)
27
Evaluate (-4 - (-5 + 18 + (-5 - 0))) + 1.
-11
Calculate (21 - -64) + -48 - 33.
4
Calculate (-30 - (-78 + 33)) + -3.
12
What is -1 - ((19 - 0) + -56 + 49)?
-13
What is 17 - (32 + (-28 - 15))?
28
Evaluate (-48 - -28 - -49) + -32.
-3
What is the value of -2 - (1 - 6 - (45 + -42))?
6
What is the value of 1 + -8 + (7 - (0 - -14))?
-14
32 + -31 + 8 + 1 + -3
7
What is the value of 1 - (-7 + 16 + -2 + -4)?
-2
Evaluate 16 + -2 + -145 + 120 - -31.
20
What is -3 + 4 + -4 + 4 + 8 + 3?
12
Calculate -1 + (6 - (2 + -4 + 2)).
5
What is (-14 - -14) + (-1 - 17) + 1 + 1?
-16
1 + 5 + -7 - (-3 + (8 - -1))
-7
What is the value of 7 - (9 - (28 - (18 + -9)) - -25)?
-8
27 + 17 + (39 - 115)
-32
(9 - 7 - -6) + -7 + -9
-8
What is -2 + 10 - -4 - 9 - -8?
11
Calculate 4 + -3 + (-1 - -3 - 4).
-1
What is the value of (3 - ((-7 - 1) + -8 + 22)) + -4?
-7
What is the value of -11 + (-70 - -86 - (-2 - 7))?
14
220 - 222 - (-5 + (2 - (8 - 3)))
6
What is -7 - (8 + -6 - (3 - 2))?
-8
What is the value of 2 + -9 - -4 - (14 - 10)?
-7
What is 2 - (9 + (-4 - 3))?
0
What is -27 + 34 + (-1 - 13)?
-7
(-4 - -4 - -3) + 33 + -16
20
Calculate -3 + (-5 - -11) + 6.
9
Calculate 13 + 1 - (61 - 23) - (-1 - -1).
-24
(-11 - (16 - 19)) + -7
-15
(9 - -36 - 42) + -2 + (16 - 0)
17
What is the value of -15 + -16 + -15 + 26?
-20
What is the value of 9 - (-1 - 0 - -1 - (-137 + 139))?
11
Evaluate (446 - 453) + -19 + 1.
-25
What is -6 + (-9 - -13) + 1 + -1 + -18?
-20
Evaluate (-4 - -6) + (1 - 4) + 0 + -6.
-7
Calculate -1 + 2 + (5 + 3 - 4) - 21.
-16
-22 - (-39 + (8 - 0))
9
What is the value of 434 - 430 - (0 + -1 + 1 + 3)?
1
What is the value of (-5 - 4 - -11 - -6) + (-1 - 4)?
3
What is (439 - 423) + 0 + -8 + 7?
15
What is the value of 16 + 1 - 18 - 27?
-28
-49 - (-2 + -15 + -10)
-22
What is (2 - 1) + (4 - 0) + -9 - 6?
-10
What is the value of 2 + 1 + 1 + (-10 + -2 - -14)?
6
What is 3 - -10 - (11 + -3 + -6 + 3)?
8
16 + (2 + -15 - -9)
12
-48 - (-756 + 769 + 0 + -25)
-36
37 - (-56 - -111) - (-14 - -1)
-5
What is the value of -4 + (0 - 1 - (-2 + -9))?
6
What is 58 + 6 - 65 - (-26 - 1)?